4 = 4*v, -2*n - 5*v + v + 12 = 0. Suppose 194 + 692 = n*u. Is u composite?
False
Let i = 1717 - 80. Is i a prime number?
True
Let h be (2 - 5)*(-1 - 1 - -1). Suppose -4*q + 15328 = -h*f, 2*f + 10703 - 3037 = 2*q. Is q composite?
True
Suppose -4*h + 0*o - 30 = -2*o, 0 = -o - 3. Is 1131/6 + h/6 a composite number?
True
Suppose 0 = 5*a + 18 + 12. Let p(f) = -15*f**3 - 6*f**2 - 4*f - 1. Is p(a) prime?
False
Let t(f) = -4899*f - 65. Is t(-2) prime?
True
Let b(q) = 2*q - 8. Let h be b(6). Suppose 5432 = h*n - 6012. Is n a composite number?
False
Suppose 19 = 5*l - 26. Suppose 4 = i + w + 1, -5*i = -3*w + l. Is 0 + 129 + (-2 - i) a composite number?
False
Let s(w) = 80*w + 33. Is s(11) composite?
True
Let j(t) = 164*t**2 - 147*t + 7. Is j(8) a prime number?
False
Suppose 0*g - g = 8. Let v = g - -67. Let b = 138 - v. Is b a prime number?
True
Suppose 11*b = 2*j - 5149, 3*j + b = 10547 - 2841. Is j prime?
False
Is (390/(-90))/((-2)/1338) a composite number?
True
Let s = 148 + -28. Let y be -4 + 7 + -1 + s. Suppose -y - 41 = -p. Is p prime?
True
Let j be 3 + (-25)/(-15) + (-1)/(-3). Suppose -2*w + 2071 = j*b, -w - 957 = -5*b + 1105. Is b prime?
False
Suppose -2*z = -573 - 123. Let h = z - -701. Is h a composite number?
False
Let j(x) = -x**3 - 14*x**2 + 13*x + 51. Let m be j(-16). Let d(n) = -n**3 + 7*n - 3. Let o be d(6). Let y = o + m. Is y a prime number?
False
Suppose -2*o - 70 = c - 3*o, -357 = 5*c + 2*o. Let y = c + 672. Suppose -4*m + 3*a = -493, y = 5*m - 2*a - 24. Is m a composite number?
False
Let v = 107 + -229. Let k = 209 + v. Is k a prime number?
False
Let p(n) = n**3 + 9*n**2 - 1. Let t be p(-9). Let f be -6*1 + (-2)/t. Is (-231)/(-22)*f/(-3) composite?
True
Let g(t) = -40569*t**3 - 2*t**2 - 2*t - 2. Is g(-1) a prime number?
False
Let y(c) = 293*c**2 + 3*c. Let u be y(-2). Suppose -6*d + d = b - u, 3*d - 703 = -4*b. Is d prime?
True
Let h(r) = 58*r**3 - 4*r**2 + 43*r + 17. Is h(6) composite?
False
Let q = -5556 + 109423. Is q composite?
False
Suppose 3*k + k = 2*g + 1412, -k = -4*g - 2859. Let n = g - -1033. Is n prime?
True
Let z be (106415/(-13))/5 + 2/13. Let n = z + 3255. Is n a prime number?
False
Let k(r) = r**2 - r. Let i(n) = -228*n**2 - n - 3. Let z(s) = -i(s) - 3*k(s). Is z(-4) prime?
False
Suppose c + 5*c - 8202 = 0. Is c prime?
True
Suppose -228 = -w + 67. Is w prime?
False
Let u(c) = -c**3 - 7*c**2 + 11*c + 6. Suppose 130 - 94 = -4*s. Is u(s) a composite number?
True
Suppose 4*l = -2*a + 31249 + 21347, -4*a = 3*l - 39457. Is l a prime number?
True
Let a(k) = 586*k - 2. Let j be a(2). Let i(h) = 3*h**3 - 3*h**2 + 9*h + 5. Let l be i(-6). Let x = j + l. Is x a prime number?
False
Let l(m) = 57*m**2 - 32*m - 63. Is l(16) a composite number?
True
Let x = -50 + 52. Suppose n - 8706 = -3*v, -n - 7471 = -x*v - 1662. Is v prime?
True
Suppose 4*b + 110314 = 2*k, 29*k - b - 275740 = 24*k. Is k a prime number?
True
Suppose 4053 + 14070 = u - 4*g, -3*g = u - 18116. Is u composite?
False
Suppose -8 + 18 = 2*u. Suppose -4*x - h = 114 - 1705, 0 = -4*x - u*h + 1603. Is x a prime number?
True
Let r be (2994/(-9))/((-8)/12). Let i = r - -88. Is i a prime number?
True
Suppose 0 = -2*r - 1045 + 365. Let q = r - -725. Suppose 3*f - q = -2*f. Is f prime?
False
Let b = 20 + -21. Is (b - (-1 - 0)) + 1267 composite?
True
Is 28/(-35)*-5 + 763 composite?
True
Let h = 6971 + -3910. Is h prime?
True
Let i = 757255 + -451610. Is i a composite number?
True
Is 12/18*9489/2 a prime number?
True
Let h = -110 - -228. Let l = 375 - h. Is l a prime number?
True
Let c = 20 - 15. Suppose -4*j + 360 = 4*d, c*j - 5*d = 3*j + 180. Let s = j + 101. Is s a prime number?
True
Let u(i) = 43*i**2 - 15*i + 47. Is u(10) prime?
False
Suppose 0 = -7*d + 4*d - g + 21363, g = 5*d - 35605. Is d a prime number?
True
Let w be (-4)/18 + 284/(-18). Is (636/w*6 + 2)*-2 prime?
False
Suppose 2*v + 350489 = 5*b, -70111 = -0*b - b - 4*v. Is b a composite number?
False
Suppose 3*q + 0*q = -2*q. Suppose -2*v + 4*n - 17 + 397 = q, -2*n = -4. Is v a composite number?
True
Let m be 19/38 - 230/4. Let r = m + 1456. Is r composite?
False
Suppose 682 = 7*m + 7199. Let k = m - -1830. Is k a composite number?
True
Is (-1138040)/(-161) + ((-6)/7)/(-2) composite?
False
Let l be ((-1554)/1)/(-3) - 3*1. Is l - (0 + 2 - 2) a composite number?
True
Let v(j) = -108*j**3 - 4*j**2 - 2*j + 1. Suppose 5 = 5*m + 15. Is v(m) a composite number?
False
Let u(q) = 831*q**2 + 9*q - 41. Is u(4) a prime number?
True
Let b be (-1)/(-4) - (-8)/(-32). Let v be b - 4 - -8 - 2. Suppose 5 = m, v*m - 926 = -4*y - 344. Is y prime?
False
Suppose 89818 + 20887 = 35*r. Is r a composite number?
False
Suppose 0 = -19*c + 41422 + 52267. Is c composite?
False
Suppose 2*i - 34971 = -5*o, 2*i - 35465 + 502 = 3*o. Is i a composite number?
False
Suppose 2*u - 4*q = -42, 3*q + 33 = -2*u + 4*q. Let g = u + 128. Is g prime?
True
Let t be (-33)/12 + 7/(-28). Let o be -8 + (t - (-9 - -4)). Is 347/6 + (-1)/o a composite number?
True
Let x = -609 + 1598. Is x a composite number?
True
Let v = 727 + -129. Let l = 919 - v. Is l composite?
True
Suppose 2*t - 2438 = -n, -3639 = -3*t + 11*n - 8*n. Is t a prime number?
True
Suppose z = -0*z - 5*m + 3319, 5*z + 5*m = 16695. Is (-3)/9 - z/(-6) a prime number?
True
Suppose -1370 = -2*k + 2*o - 5*o, 0 = -o - 4. Is k a composite number?
False
Let k = 57 + -57. Suppose -5*q = -2*g + 153, k = 5*q + 9 - 34. Is g prime?
True
Let b = -23 - -30. Let i be (b + -4)*(1 + -242). Is -2 - (i + (2 - 0)) a composite number?
False
Let k(z) = -18*z + 53. Let y be k(-24). Let t = y + -178. Is t composite?
False
Let x(z) = -z - 2. Let q be x(-4). Let h(c) = 55*c**3 - 3*c**2 + 3*c - 2. Let m be h(q). Suppose 3*y + 5*s = m, -5*s - 28 = -13. Is y prime?
True
Suppose 34*a = -3*p + 38*a + 22847, 0 = -5*p + a + 38050. Is p composite?
True
Is (-783256)/(-76) + (-14)/(-2) composite?
False
Let g(i) = 354*i**2 - 8*i - 1. Is g(2) composite?
False
Let d be (-1 + -3)*-3*2/(-4). Is (-3 - (-90)/4)*(-124)/d prime?
False
Suppose -4*h - h = 2*o - 13215, 2666 = h + 5*o. Is h composite?
True
Suppose 11*p = 14*p + 12, -p + 34 = 2*t. Suppose -4*b = -t*b + 23745. Is b a prime number?
True
Suppose -3*b + 48 = 210. Is b/81*(-1 - 8281/2) a prime number?
False
Let l be (3/6)/((-1)/(-4)). Suppose 0*q = l*j + q - 795, 390 = j - q. Is j a prime number?
False
Let l = 108 - 105. Suppose 2*o - l*q = q + 2582, -4*o + 5*q = -5155. Is o a composite number?
True
Suppose -12*f + 6289 = 5*x - 16*f, 4*x - 3*f = 5032. Is x a prime number?
False
Let c(l) = 52*l + 42. Suppose 3*d - 7*d + 80 = 0. Let o be c(d). Let x = o - 267. Is x composite?
True
Suppose 9 = 6*n + 33. Is 2*(n - -99) - -4 prime?
False
Let x be (-2)/(-4)*0/8. Suppose 5*v - 3*v - 358 = x. Is v a prime number?
True
Let d(w) be the second derivative of w**6/120 - 7*w**5/30 - 23*w**4/24 + 17*w**3/6 - 3*w**2 - 7*w. Let u(c) be the first derivative of d(c). Is u(16) composite?
True
Let s(f) = 62*f**2 - 6*f - 9. Is s(-8) prime?
True
Suppose -4*i = z + 40, 4*i = -4*z - 38 - 2. Let a be (9/6 - 2)*i. Suppose a*o + 71 = 486. Is o prime?
True
Let x be ((-2)/8*2)/(5/120). Let g(l) = -l**3 - 9*l**2 + 11*l + 7. Is g(x) prime?
True
Let f = -638 + 1065. Suppose -20*g = -19*g - f. Is g composite?
True
Let f = -4604 - -11401. Is f a composite number?
True
Let y = -249 + 45. Let a be (-102)/4 + 2/4. Let k = a - y. Is k a prime number?
True
Let p be ((-139)/2)/(9/(-162)). Is p/1 - ((-6)/2 - -1) composite?
True
Let a = 16 + -39. Let c = -20 - a. Suppose -c*y + 189 = -18. Is y composite?
True
Let i(r) = 27*r**2 - r + 17. Let p be i(4). Let c = p + 142. Is c a prime number?
True
Let a(u) = 64*u + 44 - 3*u - 8. Let f(d) = -12*d - 7. Let x(w) = 2*a(w) + 11*f(w). Is x(-6) composite?
True
Let j(q) = -q**3 + 10*q**2 - 7*q - 7. Let s be j(6). Suppose -2*d - p = -s, -15 = -2*p - 3*p. Is d prime?
False
Suppose 20*o - 60540 = 8*o. Is o a composite number?
True
Let f(u) = -u**3 + 2*u**2 + 303. Let z be f(0). Let d = 91 - z. Is d*((-25)/20)/5 composite?
False
Let h(u) = -50*u**3 + 6*u**2 + 15*u + 30. Is h(-7) a composite number?
True
Is (1 - -38506) + 15*8/(-20) a prime number?
True
Let o = 129 - -10. Let z = o + 6. Is z a prime number?
False
Let j(z) = -3135*z - 286. Is j(-5) a composite number?
True
Suppose -1693 = 2*o - 55